1102
What is 2207 (base 8) in base 3?
1120221
What is -12094 (base 11) in base 7?
-101514
What is 100120121 (base 3) in base 9?
10517
Convert -317 (base 13) to base 5.
-4102
What is -114021 (base 5) in base 10?
-4261
Convert 2346 (base 10) to base 12.
1436
Convert 4c (base 15) to base 2.
1001000
What is 20a (base 12) in base 6?
1214
Convert 17b2 (base 13) to base 15.
10a0
-10000101000010 (base 2) to base 3
-102200100
Convert 3316 (base 9) to base 4.
212031
Convert a527 (base 14) to base 5.
1402310
What is -111010110100 (base 2) in base 13?
-1937
What is -40952 (base 10) in base 6?
-513332
-27b (base 13) to base 3
-121022
What is -111000001100 (base 2) in base 8?
-7014
What is -5281 (base 9) in base 3?
-12022201
22013101 (base 4) to base 12
1bb81
Convert 114774 (base 8) to base 2.
1001100111111100
100011010111101 (base 2) to base 14
6857
What is -3dd5 (base 15) in base 13?
-6053
22202202 (base 3) to base 10
6392
-461 (base 12) to base 16
-289
18856 (base 12) to base 2
1000101111000010
What is 24407 (base 9) in base 10?
16369
40a (base 12) to base 13
361
-2 (base 7) to base 14
-2
b3 (base 14) to base 10
157
What is -220200 (base 4) in base 10?
-2592
What is 3522 (base 11) in base 6?
33222
Convert -205 (base 7) to base 16.
-67
Convert -1674 (base 10) to base 14.
-878
Convert 2023332 (base 4) to base 2.
10001011111110
Convert 691f (base 16) to base 11.
19245
Convert -358a (base 12) to base 16.
-177a
What is -3133102 (base 4) in base 5?
-424130
What is 21431 (base 8) in base 15?
29e0
What is -123223 (base 4) in base 10?
-1771
What is -20526 (base 7) in base 12?
-2b23
Convert -23020000 (base 4) to base 3.
-2022111201
Convert 1288 (base 9) to base 4.
33023
Convert -18e (base 16) to base 2.
-110001110
What is 52b (base 16) in base 12?
923
Convert -11011000101 (base 2) to base 16.
-6c5
What is 141 (base 8) in base 11?
89
Convert -16866 (base 12) to base 11.
-22325
-1212 (base 5) to base 11
-156
-10121322 (base 4) to base 11
-12612
Convert 288 (base 16) to base 10.
648
Convert -712 (base 9) to base 16.
-242
What is 4be1 (base 15) in base 3?
211012111
Convert -2130113 (base 4) to base 2.
-10011100010111
Convert -1ac8 (base 14) to base 4.
-1030100
What is -101111 (base 3) in base 4?
-10123
What is -89b9 (base 13) in base 15?
-5a84
Convert -12212 (base 3) to base 4.
-2132
Convert -10322022 (base 4) to base 15.
-5e56
41520 (base 8) to base 14
63cc
Convert -7029 (base 14) to base 13.
-89b5
What is -63344 (base 11) in base 12?
-45476
Convert 100100 (base 7) to base 11.
11734
Convert -100111010011101 (base 2) to base 6.
-233101
10409 (base 10) to base 13
4979
Convert 2401 (base 5) to base 4.
11133
What is c0c (base 13) in base 6?
13240
What is -34f5 (base 16) in base 8?
-32365
-891a (base 11) to base 15
-373d
Convert -100000101 (base 2) to base 4.
-10011
-3355 (base 9) to base 13
-118a
4430 (base 9) to base 14
1295
-1000010101 (base 2) to base 13
-320
What is -103 (base 16) in base 8?
-403
Convert -1260 (base 8) to base 2.
-1010110000
What is 2515 (base 13) in base 15?
1857
Convert 16887 (base 9) to base 2.
10110110001110
What is -2493 (base 11) in base 10?
-3248
Convert 4324 (base 6) to base 14.
508
Convert -5666 (base 12) to base 15.
-2c8c
a524 (base 13) to base 5
1212340
What is -1784 (base 9) in base 5?
-20442
What is 12011011 (base 4) in base 6?
311141
-10001110 (base 2) to base 15
-97
What is -35c (base 13) in base 15?
-28e
Convert -12970 (base 10) to base 12.
-760a
-12133 (base 4) to base 13
-25c
-32307 (base 9) to base 4
-11032033
What is -1619 (base 14) in base 7?
-14332
What is -1182 (base 12) in base 2?
-11110110010
13222 (base 5) to base 9
1410
What is 42565 (base 9) in base 7?
145055
752 (base 11) to base 7
2431
Convert -3113 (base 4) to base 16.
-d7
What is 34b9 (base 12) in base 2?
1011100001101
What is -13103 (base 5) in base 3?
-1102002
What is -3797 (base 11) in base 15?
-16eb
What is 11210120 (base 3) in base 10?
3498
-263f (base 16) to base 15
-2d7b
What is -11c (base 14) in base 5?
-1342
What is -12041 (base 5) in base 3?
-1020012
1303 (base 10) to base 2
10100010111
-76e (base 15) to base 16
-68f
What is 2347 (base 12) in base 14?
1619
-2113242 (base 5) to base 14
-ccbd
Convert b51 (base 16) to base 4.
231101
-112101 (base 4) to base 12
-9a9
What is -2022 (base 5) in base 8?
-406
-505 (base 12) to base 13
-43a
What is a30 (base 16) in base 4?
220300
Convert -349 (base 16) to base 11.
-6a5
What is -2d8 (base 16) in base 2?
-1011011000
-3a5 (base 11) to base 4
-13132
142 (base 13) to base 8
337
-11111010101110 (base 2) to base 11
-11068
What is 350225 (base 6) in base 10?
29897
Convert 110000011101 (base 2) to base 5.
44401
101010001111 (base 2) to base 8
5217
What is -dec (base 16) in base 15?
-10c9
What is 887 (base 9) in base 4?
23113
What is 1146 (base 7) in base 5?
3201
-15073 (base 9) to base 10
-10272
What is -11374 (base 8) in base 7?
-20112
What is -422 (base 16) in base 13?
-635
133112 (base 6) to base 8
30104
What is -248f (base 16) in base 8?
-22217
-380 (base 9) to base 2
-100111011
Convert 22 (base 15) to base 10.
32
What is -7062 (base 10) in base 6?
-52410
What is 365 (base 15) in base 10?
770
What is 10031031 (base 4) in base 3?
212122010
444 (base 11) to base 12
384
What is 452 (base 7) in base 14?
129
-1346 (base 12) to base 7
-6312
-2056 (base 7) to base 13
-43c
-465 (base 11) to base 7
-1422
Convert -15c6 (base 13) to base 12.
-1a30
Convert 1290 (base 14) to base 6.
23034
What is -268 (base 14) in base 7?
-1261
Convert 15013 (base 7) to base 4.
1000132
142320 (base 5) to base 6
43332
-13482 (base 12) to base 9
-40428
What is -111 (base 14) in base 2?
-11010011
What is 65 (base 13) in base 2?
1010011
101a (base 16) to base 7
15006
Convert -616 (base 7) to base 6.
-1231
101122 (base 3) to base 5
2122
-295c (base 15) to base 8
-21236
-225a (base 12) to base 5
-110224
Convert 1101111001 (base 2) to base 5.
12024
Convert -111403 (base 5) to base 9.
-5410
Convert -22111110 (base 3) to base 11.
-4722
-313330 (base 4) to base 11
-2765
12010210 (base 3) to base 16
ea3
What is 3474 (base 15) in base 13?
50b6
What is 1434 (base 16) in base 12?
2bb0
12002323 (base 4) to base 12
123b7
Convert 23613 (base 7) to base 10.
6135
What is 17d98 (base 14) in base 3?
10001201120
Convert -4094 (base 15) to base 4.
-3111013
-291 (base 14) to base 2
-1000000111
What is 71 (base 9) in base 5?
224
5025 (base 6) to base 8
2111
What is a37 (base 13) in base 8?
3310
232 (base 16) to base 14
2c2
-3433 (base 6) to base 5
-11223
What is 2651 (base 10) in base 3?
10122012
Convert 221200212 (base 3) to base 2.
100100100101110
Convert 2061 (base 7) to base 2.
1011011001
What is -27 (base 8) in base 11?
-21
What is 11050 (base 6) in base 16?
606
Convert -12351 (base 6) to base 2.
-11101001011
Convert -1020101 (base 4) to base 2.
-1001000010001
Convert -9a45 (base 16) to base 6.
-502501
What is 632 (base 9) in base 4?
20003
What is -3250 (base 6) in base 4?
-23232
What is 3a7a (base 12) in base 15?
1ecd
-3185 (base 12) to base 4
-1110311
223101 (base 4) to base 6
20453
-4292 (base 10) to base 3
-12212222
Convert -122001210 (base 3) to base 14.
-4769
Convert 1522 (base 8) to base 13.
505
343 (base 5) to base 16
62
2113b (base 12) to base 10
43391
Convert 590 (base 14) to base 7.
3140
What is -112120122 (base 3) in base 8?
-24604
57 (base 12) to base 2
1000011
Convert -2671 (base 8) to base 16.
-5b9
240 (base 8) to base 6
424
What is -1637 (base 8) in base 13?
-564
Convert 3232 (base 4) to base 14.
130
Convert -130121 (base 8) to base 5.
-2421022
10771 (base 10) to base 13
4b97
What is -24222 (base 6) in base 7?
-13220
-6cb (base 15) to base 10
-1541
What is 6220 (base 7) in base 2?
100001111010
Convert -1015 (base 9) to base 13.
-452
What is -11010011110010 (base 2) in base 14?
-4d22
326 (base 16) to base 6
3422
What is 10030 (base 6) in base 8?
2442
-2818 (base 11) to base 14
-1489
263 (base 9) to base 16
db
What is 600 (base 11) in base 14?
39c
-25633 (base 12) to base 7
-301506
What is 304 (base 6) in base 16?
70
-186 (base 11) to base 7
-425
What is -63644 (base 8) in base 3?
-1100101200
-8827 (base 10) to base 15
-2937
1151 (base 9) to base 5
11411
Convert 1202020222 (base 3) to base 2.
1000011010010011
Convert 230341 (base 5) to base 7.
32653
4042